 + -11 + -25 + -29?
21
What is the value of -88 - (-70 + 7) - (-117 + 2)?
90
Calculate (12 + -2 - 164) + (13 - (-16 + 25 + -8)).
-142
What is 9 + 33 + -49 - -12?
5
1 + 50 + (35 - (32 + (5 - (-28 - -44))))
65
Evaluate -21 - (-10 - (-1 - -1 - -1 - 14)).
-24
What is -13 + 1 + -21 + (-14 - (-111 - 6)) + -10?
60
What is the value of -16 - 1 - (-12 + 1 + 7 + (662 - 662))?
-13
What is the value of 93 + -13 + -79 + 71?
72
Calculate 17 - (25 + 116 + -110).
-14
What is the value of 37 + 1 - (71 - 45)?
12
1 + 65 + (-762 - -773 - (-2 - -24))
55
What is (1 + 1 + -7 - -8) + -80 + 110 + -119?
-86
Calculate 24 + 2 + 5 + -7 + 6 + (-2 - 6).
22
-8 + -22 - (-28 + 2)
-4
What is 70 - 5 - (12 + (-9 - -7) + -16)?
71
(17 - -1) + 0 + 26088 + -26133
-27
Calculate -109 - (1 - (1 - -1) - (48 + (82 - 129))).
-107
Calculate (-8 - -1 - (-64 - -60)) + (8 - 14 - 10).
-19
What is (44 + -46 - (-13 - -8)) + 1 + -9?
-5
Evaluate (9 - 2) + 3 + 12 + 15 + -77.
-40
Evaluate (6 - -2) + (30 - ((39 - 21) + -19 - 11)).
50
Calculate -12 + 6 - (-6 + 14) - ((14 - 1) + -5).
-22
What is the value of 75 + 5 + (-9 - 9 - (-7 - 0)) + 3?
72
What is the value of 44 - ((-49 - -135) + 17)?
-59
What is -67 + -1 + (-89 + 162 - 89) + 23?
-61
Calculate -201 + (-63 + 61 - -88).
-115
What is -12 + 6 + 7 + 42 + 1 - (-14 + 5)?
53
What is (17 - (24 - 28)) + (2 - (-7 - 2))?
32
30 - ((0 - -6) + 42)
-18
Calculate 9 + -2 - (32 - (61 + -28)) - (2 - 10).
16
What is 50 + 10 - (-18 - -46) - 33?
-1
Calculate -23 + (-1 - 51 - (35 - 54 - -16)).
-72
What is 49 + (9 + 0 + 14 + -12 + 10 - 10)?
60
Evaluate -5808 + 5862 - (-2 + (2 - 9)).
63
(-16 - -64) + -17 - 50
-19
Evaluate -42 + (79 - 57) - 6.
-26
Evaluate -46679 + 46652 - (-2 - (2 + 156)).
133
What is the value of -2 - (14 - (33 - 19))?
-2
Evaluate -14 - (-9 + -74 + 44 + -20).
45
Calculate 59 - 62 - (16 + -3 + 4 - 5).
-15
What is the value of -11 + (8 - 7) - (-3 + (5 - 2))?
-10
2 - (-55 - ((-16 + 5 - (-18 + 17)) + 15))
62
What is the value of 44 - (119 - (13 + 35))?
-27
Calculate 9 - (-15 - (-7 - (17 - 21)) - 32).
53
Calculate (1 - -4) + (33 - 32) + 0 + -39.
-33
12 + -3 - (16 - (-64 - -130))
59
(9 - -74) + (-1 - (3 + -4 - -12)) + 0
71
What is (-10 - 0) + (-133 + 173 - 74)?
-44
Calculate (-2 + -113 - -83) + 47.
15
What is (4312 - 4288) + 0 + 19?
43
Evaluate 7 + -4 + (-4 + -26 - (7 + -19)).
-15
What is -19 + 14 + -2 + 33 + -15?
11
What is the value of 73 + 0 - (-2 + 6 + 17 + -16)?
68
What is the value of -223 + 84 + 91 - -86?
38
What is the value of 2 + -8 + (37 - -24) + (-11 - -14)?
58
Calculate 18 - -15 - -6 - (19 + -9 + -18 + 8).
39
44 - -4 - -3 - (286 - 248)
13
8164 + -8167 + (-2 - (3 + -90))
82
Calculate (0 - -9) + (-213 - -225) - -10.
31
What is the value of -15 - (-114 + 109 + (68 - 5) + 2)?
-75
What is -43 + -5 + 5 + 13 + -2 - 9?
-41
Evaluate -53 + 76 + -7 + -15.
1
What is the value of 3 - 5 - (-3 + -102) - (-152 + 129)?
126
Calculate -7 + -5 + 2 + -10 - -6 - -3.
-11
What is -107 + (-122 - -137 - (1 - 1)) + -39?
-131
What is the value of -20 + -17 + -14 + 30 - -9?
-12
What is the value of (-1 - -3) + -27 + (-27 - (-37 - -48) - -46)?
-17
-18 + (-8 - (-21 + 9) - 1)
-15
What is the value of (43 - 53) + 5 + (7 - 1) + -30?
-29
2 + (121 - (51 + 2 + -14))
84
Evaluate (-70 - (-78 - -2) - (-1 - 31)) + -4 + 13.
47
What is the value of 40 + (1 - 4) + (-32 - (-54 + 17))?
42
What is (3 - 5) + -4 - (-3 + -2 - (-15 - 32))?
-48
Calculate -81 + 20 + (-28 - 42).
-131
Calculate -244 - -271 - (-9 - -31).
5
What is -14 + 1 + 5 + -10 + -3?
-21
(-512 - -441 - (-11 - 1)) + 1 + (-8 - -2)
-64
Calculate (-13 - -1) + 105 + -197 + 108.
4
-4 + -7 + 4 + (12 - (4 - -18))
-17
What is -6 - (27 + -63) - -4?
34
Calculate -2 + 58 + (-940 - -942).
58
What is the value of 84 + 105 - (-11 + 70) - (0 + 7)?
123
What is the value of -41 - -114 - (-4 + 8 - 8 - 0 - -15)?
62
0 + -96 - (-154 - (247 + -366))
-61
Evaluate (57 + 60 - 49) + -119.
-51
What is (-1 + -2 - (14 - 7)) + (112 - 170 - -110)?
42
What is the value of 280 + (-273 - -28) - ((-1 - 16) + 2)?
50
Evaluate -7 + (-74 - -121) + (2 - (-2 - -17)).
27
(26 - 11 - 30) + 9
-6
Calculate 39 - (31 - (-40 + 24)).
-8
What is the value of -26 + 49 - (-1 + 48)?
-24
What is 72 - 4 - (-8 - (1 - (2 + -9 + 22)))?
62
(10 + 0 - (-39 + 50)) + -12 + -4
-17
What is the value of -81 - (8 + -7) - (-890 + 874)?
-66
Calculate 9 + (0 - (19 - 1) - (2845 - 2799)).
-55
Calculate 0 + 36 + 0 - (-12 + -63 + 83).
28
Calculate -12 + -60 - (57 + 41 - 88).
-82
Evaluate 130 + -138 - (-14 + 0) - 7 - 31.
-32
Calculate 1420 - 1498 - (-38 - 1).
-39
(-33 - -12) + 24 - (-63 - -64)
2
-52 + 13 + -38 + -22
-99
What is -4 + 36 + (87 - 99 - -35)?
55
Evaluate 33 + (-8 - 72) + 55.
8
Evaluate 13 + 2 + -15 + 2 - (0 + -7 - -59).
-50
What is 52 + 0 + -48 + 4?
8
Calculate -18 + (2 - (-53 + (21 - 24))).
40
What is -18 + 10 + -14 + 19 + 15?
12
What is the value of -49 + 1 + 1079 + -1041?
-10
What is the value of (-86 - -14 - -92) + -1?
19
What is the value of (-23 - -45) + -19 + 1 + (-2 - 4)?
-2
(6 - (28 - 7)) + -7 + (-65 - -24)
-63
What is 4 + (-4 - -9 - (9 + (3 - 1))) + -29?
-31
Evaluate (-337 - -355) + (-3 - 2 - 0).
13
Calculate -111 + (-4 - 98) + 114.
-99
Calculate -6 - -31 - (0 + -44 - -117).
-48
-136 + (-48 - -195 - 77)
-66
Evaluate 1 + (10 - -1) + (81 - (-4 + 92)).
5
What is the value of 8 - (32 + -18) - (-9 - -4) - 9?
-10
What is 5 + 2 + 3 + (6 - (-3 - -19)) + -23?
-23
Calculate 3 - -9 - (-14 - -11) - (-9 - 4).
28
54 - (26 - 3 - (6 + -12 - -20))
45
What is the value of 80 - (118 - (-5 - -65))?
22
What is the value of (-324 - -301) + (73 - (4 - -1))?
45
-21 + -63 + 76 - -107
99
What is the value of -2 - (3 + -36 + -64) - 25?
70
What is the value of 47 + 0 + -2 - (17 + (-46 - -28))?
46
Calculate (-12 - ((1 - -3) + -9)) + (-126 - -97).
-36
Calculate 5 + -37 + 10 - ((-31 - -10) + 56).
-57
0 - -48 - ((44 - 48) + (2 - 4 - -3))
51
What is -11 - (29 - (-15 - -85)) - (-6 + 1)?
35
What is (-10 + 7 + -2 - 3) + 77 + -10?
59
Calculate (93 - (125 - -1)) + 5.
-28
What is -3 - 96 - (-19 + -23 - -34 - -3)?
-94
-9 - (-9 + -19) - -5 - 26
-2
24 + -14 + 33 - 60
-17
9 + (-9 - (-154 - 5)) - (17 + 19 + -22)
145
8 - 22 - (-122 - -40)
68
Calculate 56 - (30 + 33 + -29).
22
What is 16 + 3 - -3 - (-4 + (-1 - -14 - 7))?
20
Calculate (-31 - -77) + (-2 + 8 - 13 - (0 + 1)).
38
What is the value of -11 + (0 - 1) + 110 + 0 + 7 + -90?
15
Calculate 92 - -13 - 113 - (-27 + 0).
19
Calculate -1000 - -1007 - (3 - 27).
31
What is -31 - (1 + -8 + 5 + 1 + -7)?
-23
What is the value of (3 - (7 - -5)) + 0 + (-43 - (12 - 48))?
-16
What is 9 - (-3 - 18) - 15 - 32?
-17
(-104 - (-60 - -33)) + 48
-29
Evaluate -20 + -3 + (4 + -10 + -8 - -3).
-34
Calculate 3 + -5 + -15 + (-1472 - -1503).
14
Evaluate 93 + (-198 + 38 - -61).
-6
Evaluate 26 - 31 - (8 + 7 + (6 - 46)).
20
(25 - 10) + -89 - (-3 + (-6 - (-3 + -14)))
-82
What is 83 - -1 - (-14 + (-7 - (-1 + -12)) + 20)?
72
What is the value of 16 + 82 + -40 - (-3 - -19)?
42
What is the value of (-55 - -58) + 18 - (2 - 0)?
19
Calculate (-146 - (27 - 122)) + -34.
-85
32 - 30 - -21 - -7 - -36
66
Calculate 323 + -302 - (33 - -5) - -8.
-9
Calculate 51 + (27 + -42 - 32).
4
Calculate 24 - (23 - (-13 - (10 + -5))).
-17
Calculate -79 + 108 - (-18 - -40) - -24.
31
What is -39 + 17 + (22 - 35) + 0?
-35
10 + (-20 - (-21 + 38)) + -4
-31
-22 + (-11 + 27 - 36)
-42
Calculate (-10 - 3) + (45 - 19) + -24 + 11.
0
(-40 + -3 - (7 - -3)) + (-1 - -14)
-40
Evaluate 50 + (4 - 47) + -57 + 3 + -6.
-53
Evaluate -75 - (-56 + -49 + -39).
69
Evaluate 37 + (-22 - 27) + -23 - -23.
-12
What is the value of -1 + 13 + -3 + (874 - 878)?
5
-2 + ((8 - 7 - 11) + 6 - 3) + 3
-6
Evaluate -13 + 38 + (-24 - -19) - -21.
41
What is -1 + ((0 - -11) + -342 + 350 - 8)?
10
What is the value of -22 - (-74 + 39 + 27 + -98)?
84
What is the value of -170 + -14 - -81 - -27?
-76
Calculate 30 - 20 - (-1 - (6 + (-36 - (6 + -5)))).
-20
What is 185 + -1 - (-6408 - -6499)?
93
What is -6 + 21 + (2 - 3)?
14
-4 + (-5 - -11) + -8 + 2 + 2
-2
What is -10 + (-11 - -107) + -23 + -11?
52
Evaluate (25 - 39) + -26 + 18.
-22
Calculate (66 - 23 - 68) + (-6 - 17).
-48
What is the value of -13 + (2 - 1) + (1078 - 1010) + 23 + -1?
78
Evaluate 91 + -34 + (-9 - 63).
-15
Evaluate -7643 + 7763 + -1 + -57.
62
Calculate 1 + -37 - (-13 + (26 - (-33 + 31))).
-51
What is -95 - (102 - (78 - 1